 -3*u + 4*o. Suppose 0 = 4*p - 20, -5*p = -x - i*x - u. What is the units digit of x?
4
Let z be 13/(-52) - 17/(-4). Let g be 9 - ((-1 - 0) + 0). What is the units digit of z/g + (-72)/(-20)?
4
Let s(k) = -3*k + 4. Suppose 4*i + 9 + 3 = 0. What is the units digit of s(i)?
3
What is the units digit of (9/((-90)/(-1355)))/((-1)/(-2))?
1
Let x = -3 - -2. Let n be -1*(x + 4/(-2)). Suppose -n*k + 4*k + 14 = -3*r, 4*r + 17 = -3*k. What is the units digit of k?
1
Let j(t) = 7*t**2 - 2*t - 1. Suppose 0 - 4 = 4*r. What is the units digit of j(r)?
8
Suppose -c + 5*d = 3*c - 58, -3*d = -3*c + 42. What is the units digit of c?
2
Let g(k) = k**3 - 4*k**2 + 2*k - 2. Let s be g(3). Let h(i) = i**3 + 6*i**2 - i - 2. What is the tens digit of h(s)?
2
Let i = -4 + -14. Let g be (-3127)/649 + ((-4)/22)/1. Let b = g - i. What is the units digit of b?
3
Let s = -15 + 16. What is the units digit of 0 - 3 - (-32)/s?
9
Let x(b) = -b**3 - 17*b**2 + 5*b - 1. What is the units digit of x(-18)?
3
What is the units digit of 8/(-36) - (-479)/9?
3
Suppose 5*r + 14 = a + 8*r, -a - r = -6. What is the units digit of a?
2
Let i(x) = -2*x + 29. What is the tens digit of i(0)?
2
Let h = 7 + -7. Suppose 0*z + z - 13 = h. What is the units digit of z?
3
Let d(v) = -6*v - 5. What is the tens digit of d(-4)?
1
Suppose -5*v + 3*v + 4 = 0. Suppose 0 = -5*p + 25, -154 - 8 = -4*m + v*p. What is the units digit of m?
3
Let h = -1 + 3. What is the units digit of h?
2
Let o be ((-2)/6)/(1/(-3)). Let z = 3 - 3. Suppose -5*j = -3*c - 13, z*c - o = -j - c. What is the units digit of j?
2
Let k = -16 + 23. Suppose -h + k + 2 = 0. Suppose h = 3*g - 6. What is the units digit of g?
5
Suppose 5*j = -5*n - 70, -4*j + 0*n = -4*n + 64. Let q = 0 - j. What is the units digit of q?
5
Let k = 45 - 93. Let o be 4/(-12) + k/(-9). Suppose -31 - 14 = -o*f. What is the units digit of f?
9
Let q(f) = -7*f**2 - 4*f - 2. Let c be q(-2). Let i = -11 - c. What is the units digit of i?
1
Let a(j) = j**2 + 9*j - 3. What is the tens digit of a(-11)?
1
Suppose -5*v = -4*u + 91, -2*v - 3*u - 8 = 10. Let a = v - -27. What is the units digit of a?
2
Let k(t) be the third derivative of 0 + 1/10*t**5 + 0*t + 1/2*t**3 - 1/120*t**6 + t**2 - 5/24*t**4. What is the units digit of k(5)?
3
Let u(x) = -x + 8. Suppose 2*o = -4*j + 1 - 23, -4*o = -4*j + 44. What is the units digit of u(o)?
9
Suppose -4*l - 24 + 84 = 0. What is the tens digit of l?
1
Suppose 3*z + 4*q + 28 = 5*z, -q = z + 1. Suppose -5*f + 46 + z = 0. What is the units digit of f?
0
Suppose c + 5*k + 15 = -c, -4*k = -3*c + 35. What is the units digit of ((-5)/c)/((-2)/8)?
4
Suppose 4*l - 4*m + 8 = 0, -4*m + 12 = -4*l + m. Suppose -l*w + 6 + 8 = 2*r, 4*r = 5*w - 8. What is the units digit of w?
4
Let h(v) = -5*v + 121. What is the units digit of h(0)?
1
Let d be ((-1)/1)/(2/(-6)). Suppose -2*i + 23 = d*g - 6*g, -2*g = -4*i + 34. What is the units digit of i?
7
Let t(c) = 43*c - 15. What is the hundreds digit of t(3)?
1
Suppose -2*d + 5*b = -0*b - 27, -2*b - 11 = -d. Let j = d - -11. What is the tens digit of j?
1
Suppose -4*x + 33 = 5. Let g(t) = -t**2 + 7*t + 2. Let z be g(x). Suppose 0 = -3*s - 5*f + 41, 44 = z*s - 3*f - 2*f. What is the tens digit of s?
1
Suppose -5*d - 5 = 0, 3*g = 4*d + 435 + 25. What is the hundreds digit of g?
1
Suppose -7*b = -296 + 51. What is the units digit of b?
5
Suppose 4*f - 64 = 184. What is the units digit of f?
2
Suppose -919 = -17*q + 3399. What is the tens digit of q?
5
Let m be (-96)/(-10) + (-6)/(-15). Let x(i) = 28*i**2 + 3 - 18*i**2 - 9*i**2 - 10*i + 2. What is the units digit of x(m)?
5
Let y = 25 - 14. Let m be (-40)/15*1*3. Let k = m + y. What is the units digit of k?
3
Let p(k) = k**2 + 12*k + 11. Let g be p(-11). Suppose g*x + x = 2. What is the units digit of x?
2
Suppose -l - 3*l = -8. Suppose -3*k = -l*b - 14 - 4, -k - b = -6. What is the units digit of k?
6
Let r be (3/(-2))/(2/(-4)). What is the units digit of (10/15)/(1/r)?
2
Let j be -1 - -1 - (8 - -6). What is the units digit of (-184)/j - 9/63?
3
Let n = 6 - 5. Suppose -n = -2*x + 5. Suppose -x*c + 24 + 9 = 0. What is the tens digit of c?
1
What is the tens digit of ((-126)/(-2))/(2/6)?
8
Let t(r) = r**3 + r**2 - 2*r + 1. Let i(l) = l**3 + 4*l**2 - 3*l - 2. Let f be i(-5). Let g be 2*-3*2/f. What is the units digit of t(g)?
1
Suppose -5*c + 42 = 4*y - 151, -3*y + 136 = -5*c. What is the units digit of y?
7
Let r(k) = -k**3 + 10*k**2 + 14*k - 15. What is the tens digit of r(11)?
1
Suppose 4*s - 10 = 10, s = 5*z - 15. Suppose z*v = -3*r + 6, -v = 3*v + r - 10. Suppose 4*q + i = 3, -1 = -q - v*i - 3. What is the units digit of q?
1
Let t = -23 - -7. Let h = t + 24. Suppose -h = -3*a - 2. What is the units digit of a?
2
Let c be (-16)/6*(-3)/2. Suppose -c*v = -6 - 10. What is the units digit of -2 + v - 6/(-2)?
5
Suppose -5*d + 4*d + 1 = 0. Let s = d + 0. What is the units digit of s?
1
Let y be -2*3/6*-5. Let g(a) = a + 1. Let o(x) = -2*x - 1. Let w(l) = y*o(l) + 5*g(l). What is the units digit of w(-1)?
5
Let w = -8 - -13. Suppose -14 = w*f - 134. What is the units digit of f?
4
Let h(j) = j**2 - 9*j + 3. Let m be h(9). Let d be (-23)/(-1) + (6 - m). Suppose 0 = -0*g + 2*g - d. What is the units digit of g?
3
Let f = -7 + 1. What is the units digit of f/(-3 - (-10)/4)?
2
Suppose z = -3*k + 293, -3*z + z - 190 = -2*k. What is the tens digit of k?
9
Suppose 114 = 45*w - 43*w. What is the units digit of w?
7
Let h = -13 + 33. What is the tens digit of h?
2
Suppose 3*s + d - 22 = 0, 2 = s - d + 4*d. Suppose 7*p = 3*p + s. What is the units digit of p?
2
Let x = -1 + 1. Suppose x = -f - 23 + 87. Suppose -5*v + 1 = -f. What is the tens digit of v?
1
Let b = 255 - 147. What is the units digit of b?
8
Suppose -7*z + 674 = 240. What is the tens digit of z?
6
Suppose 5*g = -12 + 52. Let l be g/4 - -4*1. Let m = 8 - l. What is the units digit of m?
2
Suppose 5*m = -3*v + 2*m + 99, 5*v + 4*m = 167. Let j = 53 - v. What is the tens digit of j?
1
Let a(k) = -k - 5. Let v be a(-7). Let i(o) = -o**2 - v*o + 0*o**2 + 0*o**2 + 14 + o. What is the tens digit of i(0)?
1
Let l = 11 + -4. Suppose l = o + 4*s - 2, -o = 2*s - 11. What is the units digit of o?
3
What is the tens digit of (-3 + 2)*-41 - 1?
4
Let z = -30 - -25. Let w be 2*-10*1/(-4). Let m = w - z. What is the units digit of m?
0
Suppose 5*a - 3*o = 2*a + 111, -2*a + 65 = -5*o. What is the tens digit of a?
4
What is the tens digit of -3*(330/(-9) - -4)?
9
Let c be (-3)/(3/4) - -8. What is the units digit of 74*((-18)/(-4) - c)?
7
Let g be 4 + -3 - (-5 - 0). Let v be (-2)/(-3) + (-40)/g. Let k = v + 12. What is the units digit of k?
6
Let j(k) be the third derivative of -k**6/120 + k**5/10 + k**4/6 - 5*k**3/6 - 2*k**2. What is the tens digit of j(6)?
1
Let g = 10 + -10. Suppose g = 4*r - 5*r + 13. What is the tens digit of r?
1
Let m(i) = 3*i - 2. Let h be m(2). Suppose -2*q + h = -2. Suppose -2*b + 0*v + 6 = 5*v, -38 = -4*b + q*v. What is the units digit of b?
8
Let a = -8 - -2. What is the units digit of (3 + 21/a)*-10?
5
Let q(a) = -3*a**3 - 7*a + 1 - 4*a + 12*a. Let z = 2 - 3. What is the units digit of q(z)?
3
Suppose -6 = -2*m + 12. Let c be (4/((-12)/m))/(-1). Suppose 2 - 8 = -c*j. What is the units digit of j?
2
What is the units digit of 3 - (2 + (-70)/2)?
6
Suppose -7*v - 310 = -12*v. What is the tens digit of v?
6
Let m be (16/(-20))/(3/15). What is the units digit of 5 + m/((-12)/9)?
8
Let y = 10 - 6. Suppose y*v = 3*v + 7. What is the units digit of v?
7
Let v be 4*14/(-8)*1. Let t(w) = -w - 3. Let g be t(v). Suppose 1 = -5*h - g, -2*d + 5*h + 23 = 0. What is the units digit of d?
9
Let f = 6 + -4. Let c(s) = f*s - s - 2*s. What is the units digit of c(-4)?
4
Let i(w) = 10*w + 1. Let r(v) = -7*v - 1. Let q(n) = 5*i(n) + 7*r(n). Suppose -2*h = -9 + 1. What is the units digit of q(h)?
2
Suppose -5*m + 2*f = -206, 3*m - 164 = -m + 2*f. What is the units digit of m?
2
Suppose -1 = -3*u + u - 3*q, -5*u - 5*q = 5. Let l(s) = s**2 + 7*s + 5. Let i be l(u). What is the units digit of (0 - 2) + 3 - i?
8
Suppose -4*i = 20, k - 1 = -2*i + 1. Let t be k/7 + (-2)/(-7). Let h(j) = -j**3 + 2*j**2 + 2*j - 3. What is the units digit of h(t)?
1
Let r = -5 - -8. Suppose -3*l + 3*x + 66 = 6*x, 4*l = -r*x + 86. What is the ten